{"id":4064,"date":"2016-05-18T18:14:25","date_gmt":"2016-05-18T17:14:25","guid":{"rendered":"http:\/\/odinic-rite.org\/test\/?page_id=4064"},"modified":"2019-02-19T19:36:42","modified_gmt":"2019-02-19T19:36:42","slug":"the-nine-noble-virtues-and-charges-of-the-odinic-rite","status":"publish","type":"page","link":"https:\/\/odinic-rite.org\/main\/about\/the-nine-noble-virtues-and-charges-of-the-odinic-rite\/","title":{"rendered":"The Nine Noble Virtues and Charges"},"content":{"rendered":"<div id='av_section_1'  class='avia-section av-eb1jf4-cfab8a47d25d823a9a016976e705236b main_color avia-section-default avia-no-shadow  avia-builder-el-0  el_before_av_textblock  avia-builder-el-first  avia-bg-style-parallax av-minimum-height av-minimum-height-50 av-height-50  container_wrap sidebar_right'   data-av_minimum_height_pc='50' data-av_min_height_opt='50'><div class='container av-section-cont-open' ><main  role=\"main\" itemprop=\"mainContentOfPage\"  class='template-page content  av-content-small alpha units'><div class='post-entry post-entry-type-page post-entry-4064'><div class='entry-content-wrapper clearfix'>\n\n<style type=\"text\/css\" data-created_by=\"avia_inline_auto\" id=\"style-css-av-jsc57sgw-036937da249e81baa02da48c771ae978\">\n#top .av-special-heading.av-jsc57sgw-036937da249e81baa02da48c771ae978{\npadding-bottom:10px;\ncolor:#ffffff;\n}\nbody .av-special-heading.av-jsc57sgw-036937da249e81baa02da48c771ae978 .av-special-heading-tag .heading-char{\nfont-size:25px;\n}\n.av-special-heading.av-jsc57sgw-036937da249e81baa02da48c771ae978 .special-heading-inner-border{\nborder-color:#ffffff;\n}\n.av-special-heading.av-jsc57sgw-036937da249e81baa02da48c771ae978 .av-subheading{\nfont-size:15px;\n}\n<\/style>\n<div  class='av-special-heading av-jsc57sgw-036937da249e81baa02da48c771ae978 av-special-heading-h1 custom-color-heading blockquote modern-quote  avia-builder-el-1  avia-builder-el-no-sibling '><h1 class='av-special-heading-tag'  itemprop=\"headline\"  >The Nine Noble Virtues and Charges<\/h1><div class=\"special-heading-border\"><div class=\"special-heading-inner-border\"><\/div><\/div><\/div>\n<\/div><\/div><\/main><!-- close content main element --><\/div><\/div><div id='after_section_1'  class='main_color av_default_container_wrap container_wrap sidebar_right'  ><div class='container av-section-cont-open' ><div class='template-page content  av-content-small alpha units'><div class='post-entry post-entry-type-page post-entry-4064'><div class='entry-content-wrapper clearfix'>\n<section  class='av_textblock_section av-ajts80-19a11ad4f226bbc4e08f40497fe14c01 '   itemscope=\"itemscope\" itemtype=\"https:\/\/schema.org\/CreativeWork\" ><div class='avia_textblock'  itemprop=\"text\" ><h3 style=\"text-align: center;\">The 9 Noble Virtues<\/h3>\n<p>The moral codes of the Odinic Rite were codified from The H\u00e1vam\u00e1l and The Sigrdr\u00edfom\u00e1l (poems from the Elder Edda) in the early 1970\u2019s by two of the OR\u2019s founding members, John Yeowell (aka Stubba) and John Gibbs-Bailey (aka Hoskuld). Since that time they have been widely adopted and although others have felt the need to change and adapt them or even to claim them as their own, to us they remain as laid down by our founders.<\/p>\n<h4 style=\"text-align: center;\">Courage \u2013 Truth \u2013 Honour &#8211; Fidelity \u2013 Discipline \u2013 Hospitality &#8211; Self-reliance \u2013 Industriousness \u2013 Perseverance<\/h4>\n<\/div><\/section>\n<div  class='hr av-8lwunk-ab42c83e1acb322e86ff913b416040c2 hr-default  avia-builder-el-3  el_after_av_textblock  el_before_av_one_fifth '><span class='hr-inner '><span class=\"hr-inner-style\"><\/span><\/span><\/div>\n\n<style type=\"text\/css\" data-created_by=\"avia_inline_auto\" id=\"style-css-av-r4lgg-70119f8906f4cc6c94bf5fbc1a80c9ed\">\n.flex_column.av-r4lgg-70119f8906f4cc6c94bf5fbc1a80c9ed{\nborder-radius:0px 0px 0px 0px;\npadding:0px 0px 0px 0px;\n}\n<\/style>\n<div  class='flex_column av-r4lgg-70119f8906f4cc6c94bf5fbc1a80c9ed av_one_fifth  avia-builder-el-4  el_after_av_hr  el_before_av_three_fifth  first flex_column_div av-zero-column-padding  '     ><\/div>\n\n<style type=\"text\/css\" data-created_by=\"avia_inline_auto\" id=\"style-css-av-28w34-44ef2256ab023baeb5d6f7fcb5c5b928\">\n.flex_column.av-28w34-44ef2256ab023baeb5d6f7fcb5c5b928{\nborder-radius:0px 0px 0px 0px;\npadding:0px 0px 0px 0px;\n}\n<\/style>\n<div  class='flex_column av-28w34-44ef2256ab023baeb5d6f7fcb5c5b928 av_three_fifth  avia-builder-el-5  el_after_av_one_fifth  el_before_av_one_fifth  flex_column_div av-zero-column-padding  '     ><section  class='av_textblock_section av-4ickdc-0d9182f00eff48830460d83520aebe51 '   itemscope=\"itemscope\" itemtype=\"https:\/\/schema.org\/CreativeWork\" ><div class='avia_textblock'  itemprop=\"text\" ><h3 style=\"text-align: center;\">The 9 Noble Charges<\/h3>\n<ul>\n<li>To maintain candour and fidelity in love and devotion to the tried friend: though he strike me I will do him no scathe.<\/li>\n<\/ul>\n<ul>\n<li>Never to make wrongsome oath: for great and grim is the reward for the breaking of plighted troth.<\/li>\n<\/ul>\n<ul>\n<li>To deal not hardly with the humble and the lowly.<\/li>\n<\/ul>\n<ul>\n<li>To remember the respect that is due to great age.<\/li>\n<\/ul>\n<ul>\n<li>To suffer no evil to go unremedied and to fight against the enemies of Faith, Folk and Family: my foes I will fight in the field, nor will I stay to be burnt in my house.<\/li>\n<\/ul>\n<ul>\n<li>To succour the friendless but to put no faith in the pledged word of a stranger people.<\/li>\n<\/ul>\n<ul>\n<li>If I hear the fool\u2019s word of a drunken man I will strive not: for many a grief and the very death groweth from out such things.<\/li>\n<\/ul>\n<ul>\n<li>To give kind heed to dead men: straw dead, sea dead or sword dead.<\/li>\n<\/ul>\n<ul>\n<li>To abide by the enactments of lawful authority and to bear with courage the decrees of the Norns.<\/li>\n<\/ul>\n<\/div><\/section><\/div>\n\n<style type=\"text\/css\" data-created_by=\"avia_inline_auto\" id=\"style-css-av-1yc0ts-a9a1f81eee15f9bd207d460c6261e35a\">\n.flex_column.av-1yc0ts-a9a1f81eee15f9bd207d460c6261e35a{\nborder-radius:0px 0px 0px 0px;\npadding:0px 0px 0px 0px;\n}\n<\/style>\n<div  class='flex_column av-1yc0ts-a9a1f81eee15f9bd207d460c6261e35a av_one_fifth  avia-builder-el-7  el_after_av_three_fifth  avia-builder-el-last  flex_column_div av-zero-column-padding  '     ><\/div>\n","protected":false},"excerpt":{"rendered":"","protected":false},"author":1,"featured_media":0,"parent":3443,"menu_order":0,"comment_status":"closed","ping_status":"closed","template":"","meta":{"footnotes":""},"class_list":["post-4064","page","type-page","status-publish","hentry"],"_links":{"self":[{"href":"https:\/\/odinic-rite.org\/main\/wp-json\/wp\/v2\/pages\/4064","targetHints":{"allow":["GET"]}}],"collection":[{"href":"https:\/\/odinic-rite.org\/main\/wp-json\/wp\/v2\/pages"}],"about":[{"href":"https:\/\/odinic-rite.org\/main\/wp-json\/wp\/v2\/types\/page"}],"author":[{"embeddable":true,"href":"https:\/\/odinic-rite.org\/main\/wp-json\/wp\/v2\/users\/1"}],"replies":[{"embeddable":true,"href":"https:\/\/odinic-rite.org\/main\/wp-json\/wp\/v2\/comments?post=4064"}],"version-history":[{"count":0,"href":"https:\/\/odinic-rite.org\/main\/wp-json\/wp\/v2\/pages\/4064\/revisions"}],"up":[{"embeddable":true,"href":"https:\/\/odinic-rite.org\/main\/wp-json\/wp\/v2\/pages\/3443"}],"wp:attachment":[{"href":"https:\/\/odinic-rite.org\/main\/wp-json\/wp\/v2\/media?parent=4064"}],"curies":[{"name":"wp","href":"https:\/\/api.w.org\/{rel}","templated":true}]}}